5. Let k(j) = h*v(j) - 8*f(j). Determine k(-3).
6
Let u = -4 + 8. Let j(v) = -5*v - 4. Let r(o) = 2*o + 2. Let c(d) = 3*j(d) + 7*r(d). Determine c(u).
-2
Let k(h) = h**2 - 4*h + 4. Let z be (-3)/((-6)/(-8)*-2). Let q = 2 + z. Calculate k(q).
4
Let t(h) = -7 + h - 6*h + 2*h + 6. Calculate t(-1).
2
Let n be 25/9 - (-8)/36. Suppose -3*v + 2 = -v. Suppose m + n = v. Let i(x) = -2*x**2 - x + 2. Calculate i(m).
-4
Let b(p) = -4*p. Let l = 34 - 36. What is b(l)?
8
Let g(j) be the first derivative of -j**4/4 - 10*j - 1. Let w(c) = -c. Let l be w(-5). Suppose l*n = n. What is g(n)?
-10
Let o(r) = -12*r**2 + 9*r + 7. Let a(k) = -6*k**2 + 5*k + 4. Let i(n) = -5*a(n) + 3*o(n). Determine i(-1).
-7
Suppose p + 1 = 5. Let a(q) = -2*q**2 + p*q - 3 - 4*q**3 + 2*q**3 + q**2. What is a(2)?
-15
Let a(s) be the third derivative of 0 - 1/3*s**3 + 7/24*s**4 + 0*s + 6*s**2 - 1/60*s**5. Give a(6).
4
Let h be (-2 + 3)*1 + 2. Let x = h - 0. Let s(t) = -1 + t + 0 + 7 - 3. Determine s(x).
6
Let z(b) be the first derivative of -5*b**4/4 + b**2 + b + 1. Let s(t) be the third derivative of t**4/24 + 5*t**3/6 - t**2. Let m be s(-6). Calculate z(m).
4
Let r(j) be the first derivative of 9*j - 2 - 7/2*j**2 + 1/3*j**3. Determine r(6).
3
Let d be 4/(-5)*60/(-8). Let o(c) = c - 1. Let f be o(d). Let z(a) = a**2 - 7*a - 1. What is z(f)?
-11
Suppose 2 = -2*c - m, -5*c - 5 = 2*m - 0*m. Let z(i) = -8*i**2 + i + 1. Give z(c).
-8
Let p(v) = 9*v**3 - 7*v**2 + 5*v - 7. Let w(b) = 5*b**3 - 3*b**2 + 2*b - 3. Let g(d) = -3*p(d) + 7*w(d). Calculate g(1).
7
Let t(i) = i**2 - i - 2. Let f be (-4 + 5)*(-12)/(-2). Let j = f - 1. Suppose 12 = j*z + 2. Determine t(z).
0
Let v(s) be the third derivative of s**5/12 - s**3/3 + 6*s**2 - 6. Give v(2).
18
Let q = 24 - 16. Let o(u) = 2*u + 4. Let f(a) = a + 1. Let d(m) = q*f(m) - 3*o(m). Calculate d(3).
2
Let r(t) = -t - 1. Let x = 6 + -3. Suppose x*m + 9 = 2*p, -m - 3*m = 3*p + 29. Determine r(m).
4
Suppose 0 = 3*y + 3*l - 45, -y - 4*y - 2*l + 84 = 0. Let n be (y/4)/(3/(-4)). Let v(z) = -z**3 - 7*z**2 - 8*z - 8. Calculate v(n).
4
Let q(l) be the third derivative of -l**5/20 - l**3/6 - 9*l**2. What is q(-1)?
-4
Let j = -1 + 3. Let h(c) = -c**3 + 3*c**2 - 4*c**j - c**3. Determine h(-1).
1
Let l(z) = -z + 1. Let j be (1 - -1)/(-4 - -5). Suppose 0 = -t - 4, -j*g - 4*t - 4 = g. What is l(g)?
-3
Suppose 4*r + 5 - 1 = 0. Let m be r/7 - 90/(-42). Let y(h) = 3*h**2. Determine y(m).
12
Suppose -4*i = 3*f + f + 36, -4*f - 8 = -3*i. Let u(s) = 5*s - 1. Give u(i).
-21
Suppose -3*r + 86 - 2 = 0. Suppose -4*a + 20 = r. Let t(s) = 5*s + 2. Calculate t(a).
-8
Suppose -31 = -z - 5*t, 20 = 5*z + t - 3*t. Let s(v) = -27 - 2*v + z + 14. Determine s(-5).
3
Let v(w) = 4*w - 30. Let i be v(9). Let r(t) = t**3 - 6*t**2 + 1. Determine r(i).
1
Let b(o) be the second derivative of 0 + 1/2*o**2 - 1/2*o**3 + 1/12*o**4 - 2*o. Suppose x = -1 + 6. Calculate b(x).
11
Let s be ((-16)/20)/(2/(-10)). Let t(d) = -3*d + 3 - 3*d**2 + s*d**2 + 0*d. Calculate t(3).
3
Let k(t) = -t**2 + 8*t - 7. Let o be k(6). Let y(x) = 8*x**2 - x**3 - o*x + 2*x**3 + 9 - 3*x. Let w be y(-9). Let d(v) = v**2 + v - 10. What is d(w)?
-10
Let h(j) be the first derivative of -j**3/3 - j**2/2 - j + 26. Give h(-2).
-3
Let d(m) = m. Let s(u) = -3*u**3 - u**2 + u + 1. Suppose 0 = 2*h + 5*v - 18, 3*h + 0*h + 11 = 2*v. Let t be s(h). Suppose t*f + 3 = -5. Determine d(f).
-4
Let m(r) = 2*r**2 - 2*r + 1. Let w be m(1). Let c(i) = 0 + 1 - 1 - i**2 + w + i. Determine c(1).
1
Suppose 7 = 5*l - 13. Let c be (2/l)/(7/(-14)). Let h(z) = -10*z + 1. Determine h(c).
11
Let j(s) = s - 2. Let n(c) = -c**3 - c**2 + c + 5. Let p be n(0). Suppose p*v = v - 20. Calculate j(v).
-7
Suppose 0 = o - 6*o. Let b(l) be the first derivative of -l**7/840 - l**6/360 - l**4/8 - 4*l**3/3 - 4. Let j(u) be the third derivative of b(u). Give j(o).
-3
Let g(j) = 3*j + 6. Let t(c) = -c - 3. Let b(m) = 4*g(m) + 7*t(m). Determine b(3).
18
Let n(z) = -9*z**2 + z + 1. Let o(r) = r**2 - 5*r + 2. Let x(y) = y**2 + y + 4. Let k be x(0). Let f be o(k). Let s = f - -1. Calculate n(s).
-9
Let k be (-3)/(-15) + (-16)/5. Let w(l) = 3*l**2 + l - 1. Determine w(k).
23
Let q(g) = 2*g**2 - 1. Let x(p) = p - 1. Let c(z) = 5*z - 8. Let b(m) = c(m) - 4*x(m). Let w be b(5). Let a be 4*(1/(-2) + w). Determine q(a).
7
Let m be 22/(-4*(-2)/(-4)). Let k(x) = -x**3 - 10*x**2 + 10*x - 13. Let r be k(m). Let z(y) = -2 - 1 - 8*y + 3*y. Give z(r).
7
Let k be (2 - 4) + 1 - -2. Let s = 4 - 1. Let c(w) = -k - s*w - 5 + w**2 + 6*w. Determine c(-5).
4
Let j(w) = w + 1. Let v(g) = g**3 + 3*g**2 - 2*g - 4. Let c be v(-3). Suppose 4*h = c*h + 8. Give j(h).
5
Let d(y) be the second derivative of y**4/24 + 2*y**3/3 + y**2 - y. Let n(a) be the first derivative of d(a). Calculate n(-2).
2
Let i(j) = 5*j**2 - 2*j + 2. Suppose d = -3, -5*h = -d + 6*d + 5. Determine i(h).
18
Let w be 27 + 0 - (0 + -2). Let d = -13 + w. Suppose -3*p = p - d. Let z(c) = -c**2 + 6*c - 4. Determine z(p).
4
Let d(g) = -3*g - 1. Let z(v) = -10*v - 4. Let y(p) = -7*d(p) + 2*z(p). Calculate y(3).
2
Let f(t) = 2*t**2 + 0*t**2 - 7*t - t**3 + 3 - 5*t**2 - 4*t**2. Give f(-6).
9
Suppose -4*q + 2*f + 51 = -23, 0 = -2*q - 4*f + 52. Suppose -4*p + q = -0*p. Let l(h) = -2*h - h**2 + p*h**2 - 1 - 1 - 2 + h**3. What is l(-4)?
4
Let r(x) be the first derivative of -2*x**3/3 - x**2 - 2*x - 1. Suppose -24*a + 8*a - 48 = 0. What is r(a)?
-14
Let k(i) = -i - 10. Let g be k(-5). Let l(b) = b + 7. Let w be l(g). Let a(n) = 3*n - 4 + 3*n - w*n - n. Give a(4).
8
Let h(w) = w + 4. Suppose -2*g - 2*a - 6 = 0, -5*a = -g - 2*a + 13. Let k(d) = d**3 + 4*d**2 - 6*d - 7. Let l be k(-5). Let n be (1/l + g)*-6. Calculate h(n).
1
Let s(z) = -z**2 + 4. Let f be (-16)/6 + 7/(-21). Determine s(f).
-5
Suppose -4*w - m = 27, w - 11 = 5*m - 2. Let a(t) be the second derivative of -t**3/6 - 7*t**2 - 5*t. Give a(w).
-8
Suppose -5*i = -3*s - 17, -2*i + 11 = -s + i. Let f(x) = -13*x**2 + 2*x - 1. What is f(s)?
-12
Let s = -16 - -20. Let b(r) = -2*r + 5. Let f(i) = -17 + 1 + 5*i + 2. Let k(a) = s*f(a) + 11*b(a). Give k(-5).
9
Let w(h) = -3*h**2 - 11*h - 4. Let j(o) = -13*o**2 - 45*o - 17. Let k(u) = -2*j(u) + 9*w(u). Determine k(-8).
6
Suppose 0 = 4*j + j - 3*v + 145, -2*j + 3*v = 49. Let h be 6/15 + j/5. Let y(q) = q**3 + 6*q**2 - 6. Determine y(h).
-6
Let c(j) = 1 + j + 2*j**2 + j**2 + j**3 + 3. Calculate c(-3).
1
Let t(g) = g**2 - 2*g + 2. Let v be t(3). Let f(h) be the first derivative of -h**3/3 + 2*h**2 - 7. Determine f(v).
-5
Let h(p) be the first derivative of 1 + 1/15*p**5 + 1/2*p**2 + 0*p + 0*p**3 - 1/24*p**4. Let s(t) be the second derivative of h(t). Give s(1).
3
Let i(a) = -2 + 2 - 3*a + 8*a. Calculate i(1).
5
Let u(c) be the first derivative of -5/2*c**2 + c + 2/3*c**3 + 1/12*c**4 + 3. Let i(q) be the first derivative of u(q). What is i(-4)?
-5
Suppose 5*t = 25, -2*a - 8 = -4*t + 10. Let b = 5 - a. Let g(i) = 3*i**2 + 4*i - 2. Let l(u) = 2*u**2 + 4*u - 2. Let v(f) = 3*g(f) - 4*l(f). Determine v(b).
2
Let r(v) be the second derivative of -v**6/720 - v**5/60 + v**4/6 + 3*v. Let m(n) be the third derivative of r(n). Determine m(6).
-8
Let l(q) = 2*q + 3*q**3 - 10*q**3 + 18*q**3 - q. Determine l(1).
12
Let v(h) = 2*h + 4 + 2 - 11. Determine v(5).
5
Suppose 5*x - 15 = -0*x. Let i(g) be the second derivative of -2*g + x*g**2 - 1/20*g**5 + 0 + 1/12*g**4 + 0*g**3. Calculate i(0).
6
Let n(a) = -5*a - 14. Let h(z) = 2*z + 5. Let j(r) = -11*h(r) - 4*n(r). Let s be 4/(-10) - 40/25. Let c = s - -3. Calculate j(c).
-1
Let t be 6 - -2 - (0 + 2). Let f(s) = 2*s + 3. What is f(t)?
15
Let i(v) = -17*v**2 - v. Let x(p) = -16*p**2 - p. Let g(j) = 3*i(j) - 2*x(j). What is g(1)?
-20
Let q(c) be the third derivative of c**6/120 - c**5/15 + c**4/8 - 15*c**2. Give q(2).
-2
Let z(c) = -2*c + 2. Let y be (1 + 0)*-3*1. Calculate z(y).
8
Suppose 3*y + 11 = -2*u, -5*y - 8 - 17 = 5*u. Let a(h) = -h**2 - h + 1. Let z(l) = 7*l**2 + 8*l - 5. Let g(d) = y*z(d) - 6*a(d). What is g(-4)?
-9
Let q(u) = 23*u**2 - 11*u - 8. Let d(v) = -15*v**2 + 7*v + 5. Let k(b) = -8*d(b) - 5*q(b). What is k(1)?
4
Let f(b) = -9*b**3 - 17*b**2 + 2*b - 9. Let a(k) = -5*k**3 - 9*k**2 + k - 5. Let y(r) = -7*a(r) + 4*f(r). Determine y(-5).
-6
Let j(c) be the first derivative of 2*c**3/3 - c**2/2 - 4*c + 3.